{"id":3923,"date":"2015-07-20T10:34:48","date_gmt":"2015-07-20T10:34:48","guid":{"rendered":"http:\/\/www.leboisducazier.be\/nl\/musees\/"},"modified":"2024-05-17T08:34:28","modified_gmt":"2024-05-17T08:34:28","slug":"musea-2","status":"publish","type":"page","link":"https:\/\/www.leboisducazier.be\/nl\/musea-2\/","title":{"rendered":"Musea"},"content":{"rendered":"<div id=\"pl-3923\"  class=\"panel-layout\" ><div id=\"pg-3923-0\"  class=\"panel-grid panel-no-style\" ><div id=\"pgc-3923-0-0\"  class=\"panel-grid-cell\" ><div id=\"panel-3923-0-0-0\" class=\"so-panel widget widget_sow-editor panel-first-child\" data-index=\"0\" ><div\n\t\t\t\n\t\t\tclass=\"so-widget-sow-editor so-widget-sow-editor-base\"\n\t\t\t\n\t\t><h3 class=\"widget-title\">ONZE MUSEA<\/h3>\n<div class=\"siteorigin-widget-tinymce textwidget\">\n\t<div id=\"lipsum\" style=\"text-align: left;\"><\/div>\n<\/div>\n<\/div><\/div><div id=\"panel-3923-0-0-2\" class=\"so-panel widget widget_spacer-widget\" data-index=\"2\" ><div\n\t\t\t\n\t\t\tclass=\"so-widget-spacer-widget so-widget-spacer-widget-base\"\n\t\t\t\n\t\t>\n<div class=\"clearfix\" style=\"height:30px\"><\/div><\/div><\/div><div id=\"panel-3923-0-0-3\" class=\"so-panel widget widget_sow-editor\" data-index=\"3\" ><div\n\t\t\t\n\t\t\tclass=\"so-widget-sow-editor so-widget-sow-editor-base\"\n\t\t\t\n\t\t><h3 class=\"widget-title\">TENTOONSTELLINGEN<\/h3>\n<div class=\"siteorigin-widget-tinymce textwidget\">\n\t<div id=\"lipsum\">\u00a0<\/div>\n<\/div>\n<\/div><\/div><div id=\"panel-3923-0-0-4\" class=\"so-panel widget widget_sow-editor panel-last-child\" data-index=\"4\" ><div\n\t\t\t\n\t\t\tclass=\"so-widget-sow-editor so-widget-sow-editor-base\"\n\t\t\t\n\t\t><h3 class=\"widget-title\">Expo \"La houille aci\u00e9ris\u00e9e\"<\/h3>\n<div class=\"siteorigin-widget-tinymce textwidget\">\n\t<p>Van 4 juni tot 8 september<\/p>\n<p><strong>\"La Houille Aci\u00e9ris\u00e9e\"<\/strong> is een artistieke verkenning van de onlosmakelijke relatie tussen kolen en staal, symbolen van de industri\u00eble revolutie, aan de hand van het werk van twee visuele dichters, Anne Courtoy en Jos Tontlinger. Hun samenwerking combineert hun vorige solotentoonstellingen: \"Full Metal Gaillette\" van Anne en \"Heavy Metal\" van Jos.<\/p>\n<p><img decoding=\"async\" class=\"alignnone size-medium wp-image-122681\" src=\"https:\/\/www.leboisducazier.be\/wp-content\/uploads\/2024\/05\/affiche-212x300.jpg\" alt=\"\" \/><\/p>\n<\/div>\n<\/div><\/div><\/div><\/div><\/div>","protected":false},"excerpt":{"rendered":"<p>\u00a0 Van 4 juni tot 8 september &#8220;La Houille Aci\u00e9ris\u00e9e&#8221; is een artistieke verkenning van de onlosmakelijke relatie tussen kolen en staal, symbolen van de industri\u00eble revolutie, aan de hand van het werk van twee visuele dichters, Anne Courtoy en Jos Tontlinger. Hun samenwerking combineert hun vorige solotentoonstellingen: &#8220;Full Metal Gaillette&#8221; van Anne en &#8220;Heavy Metal&#8221; van Jos.<\/p>\n","protected":false},"author":1,"featured_media":0,"parent":0,"menu_order":72,"comment_status":"closed","ping_status":"closed","template":"","meta":{"_monsterinsights_skip_tracking":false,"_monsterinsights_sitenote_active":false,"_monsterinsights_sitenote_note":"","_monsterinsights_sitenote_category":0,"footnotes":""},"class_list":["post-3923","page","type-page","status-publish","hentry"],"yoast_head":"<!-- This site is optimized with the Yoast SEO plugin v27.4 - https:\/\/yoast.com\/product\/yoast-seo-wordpress\/ -->\n<title>Musea - Le Bois du Cazier<\/title>\n<meta name=\"robots\" content=\"index, follow, max-snippet:-1, max-image-preview:large, max-video-preview:-1\" \/>\n<link rel=\"canonical\" href=\"https:\/\/www.leboisducazier.be\/nl\/musea-2\/\" \/>\n<meta property=\"og:locale\" content=\"nl_NL\" \/>\n<meta property=\"og:type\" content=\"article\" \/>\n<meta property=\"og:title\" content=\"Musea - Le Bois du Cazier\" \/>\n<meta property=\"og:description\" content=\"\u00a0 Van 4 juni tot 8 september &quot;La Houille Aci\u00e9ris\u00e9e&quot; is een artistieke verkenning van de onlosmakelijke relatie tussen kolen en staal, symbolen van de industri\u00eble revolutie, aan de hand van het werk van twee visuele dichters, Anne Courtoy en Jos Tontlinger. Hun samenwerking combineert hun vorige solotentoonstellingen: &quot;Full Metal Gaillette&quot; van Anne en &quot;Heavy Metal&quot; van Jos.\" \/>\n<meta property=\"og:url\" content=\"https:\/\/www.leboisducazier.be\/nl\/musea-2\/\" \/>\n<meta property=\"og:site_name\" content=\"Le Bois du Cazier\" \/>\n<meta property=\"article:modified_time\" content=\"2024-05-17T08:34:28+00:00\" \/>\n<meta property=\"og:image\" content=\"https:\/\/www.leboisducazier.be\/wp-content\/uploads\/2024\/05\/affiche-212x300.jpg\" \/>\n<meta name=\"twitter:card\" content=\"summary_large_image\" \/>\n<meta name=\"twitter:label1\" content=\"Est. reading time\" \/>\n\t<meta name=\"twitter:data1\" content=\"4 minutes\" \/>\n<script type=\"application\/ld+json\" class=\"yoast-schema-graph\">{\"@context\":\"https:\\\/\\\/schema.org\",\"@graph\":[{\"@type\":\"WebPage\",\"@id\":\"https:\\\/\\\/www.leboisducazier.be\\\/nl\\\/musea-2\\\/\",\"url\":\"https:\\\/\\\/www.leboisducazier.be\\\/nl\\\/musea-2\\\/\",\"name\":\"Musea - Le Bois du Cazier\",\"isPartOf\":{\"@id\":\"https:\\\/\\\/www.leboisducazier.be\\\/#website\"},\"primaryImageOfPage\":{\"@id\":\"https:\\\/\\\/www.leboisducazier.be\\\/nl\\\/musea-2\\\/#primaryimage\"},\"image\":{\"@id\":\"https:\\\/\\\/www.leboisducazier.be\\\/nl\\\/musea-2\\\/#primaryimage\"},\"thumbnailUrl\":\"https:\\\/\\\/www.leboisducazier.be\\\/wp-content\\\/uploads\\\/2024\\\/05\\\/affiche-212x300.jpg\",\"datePublished\":\"2015-07-20T10:34:48+00:00\",\"dateModified\":\"2024-05-17T08:34:28+00:00\",\"breadcrumb\":{\"@id\":\"https:\\\/\\\/www.leboisducazier.be\\\/nl\\\/musea-2\\\/#breadcrumb\"},\"inLanguage\":\"nl-NL\",\"potentialAction\":[{\"@type\":\"ReadAction\",\"target\":[\"https:\\\/\\\/www.leboisducazier.be\\\/nl\\\/musea-2\\\/\"]}]},{\"@type\":\"ImageObject\",\"inLanguage\":\"nl-NL\",\"@id\":\"https:\\\/\\\/www.leboisducazier.be\\\/nl\\\/musea-2\\\/#primaryimage\",\"url\":\"https:\\\/\\\/www.leboisducazier.be\\\/wp-content\\\/uploads\\\/2024\\\/05\\\/affiche-212x300.jpg\",\"contentUrl\":\"https:\\\/\\\/www.leboisducazier.be\\\/wp-content\\\/uploads\\\/2024\\\/05\\\/affiche-212x300.jpg\"},{\"@type\":\"BreadcrumbList\",\"@id\":\"https:\\\/\\\/www.leboisducazier.be\\\/nl\\\/musea-2\\\/#breadcrumb\",\"itemListElement\":[{\"@type\":\"ListItem\",\"position\":1,\"name\":\"Accueil\",\"item\":\"https:\\\/\\\/www.leboisducazier.be\\\/nl\\\/\"},{\"@type\":\"ListItem\",\"position\":2,\"name\":\"Musea\"}]},{\"@type\":\"WebSite\",\"@id\":\"https:\\\/\\\/www.leboisducazier.be\\\/#website\",\"url\":\"https:\\\/\\\/www.leboisducazier.be\\\/\",\"name\":\"Le Bois du Cazier\",\"description\":\"La conscience d&#039;une m\u00e9moire\",\"publisher\":{\"@id\":\"https:\\\/\\\/www.leboisducazier.be\\\/#organization\"},\"potentialAction\":[{\"@type\":\"SearchAction\",\"target\":{\"@type\":\"EntryPoint\",\"urlTemplate\":\"https:\\\/\\\/www.leboisducazier.be\\\/?s={search_term_string}\"},\"query-input\":{\"@type\":\"PropertyValueSpecification\",\"valueRequired\":true,\"valueName\":\"search_term_string\"}}],\"inLanguage\":\"nl-NL\"},{\"@type\":\"Organization\",\"@id\":\"https:\\\/\\\/www.leboisducazier.be\\\/#organization\",\"name\":\"Le Bois du Cazier\",\"url\":\"https:\\\/\\\/www.leboisducazier.be\\\/\",\"logo\":{\"@type\":\"ImageObject\",\"inLanguage\":\"nl-NL\",\"@id\":\"https:\\\/\\\/www.leboisducazier.be\\\/#\\\/schema\\\/logo\\\/image\\\/\",\"url\":\"https:\\\/\\\/www.leboisducazier.be\\\/wp-content\\\/uploads\\\/2024\\\/04\\\/logo-2024-bdc-gris-orange-positif_page-0001.jpg\",\"contentUrl\":\"https:\\\/\\\/www.leboisducazier.be\\\/wp-content\\\/uploads\\\/2024\\\/04\\\/logo-2024-bdc-gris-orange-positif_page-0001.jpg\",\"width\":508,\"height\":436,\"caption\":\"Le Bois du Cazier\"},\"image\":{\"@id\":\"https:\\\/\\\/www.leboisducazier.be\\\/#\\\/schema\\\/logo\\\/image\\\/\"}}]}<\/script>\n<!-- \/ Yoast SEO plugin. -->","yoast_head_json":{"title":"Musea - Le Bois du Cazier","robots":{"index":"index","follow":"follow","max-snippet":"max-snippet:-1","max-image-preview":"max-image-preview:large","max-video-preview":"max-video-preview:-1"},"canonical":"https:\/\/www.leboisducazier.be\/nl\/musea-2\/","og_locale":"nl_NL","og_type":"article","og_title":"Musea - Le Bois du Cazier","og_description":"\u00a0 Van 4 juni tot 8 september \"La Houille Aci\u00e9ris\u00e9e\" is een artistieke verkenning van de onlosmakelijke relatie tussen kolen en staal, symbolen van de industri\u00eble revolutie, aan de hand van het werk van twee visuele dichters, Anne Courtoy en Jos Tontlinger. Hun samenwerking combineert hun vorige solotentoonstellingen: \"Full Metal Gaillette\" van Anne en \"Heavy Metal\" van Jos.","og_url":"https:\/\/www.leboisducazier.be\/nl\/musea-2\/","og_site_name":"Le Bois du Cazier","article_modified_time":"2024-05-17T08:34:28+00:00","og_image":[{"url":"https:\/\/www.leboisducazier.be\/wp-content\/uploads\/2024\/05\/affiche-212x300.jpg","type":"","width":"","height":""}],"twitter_card":"summary_large_image","twitter_misc":{"Est. reading time":"4 minutes"},"schema":{"@context":"https:\/\/schema.org","@graph":[{"@type":"WebPage","@id":"https:\/\/www.leboisducazier.be\/nl\/musea-2\/","url":"https:\/\/www.leboisducazier.be\/nl\/musea-2\/","name":"Musea - Le Bois du Cazier","isPartOf":{"@id":"https:\/\/www.leboisducazier.be\/#website"},"primaryImageOfPage":{"@id":"https:\/\/www.leboisducazier.be\/nl\/musea-2\/#primaryimage"},"image":{"@id":"https:\/\/www.leboisducazier.be\/nl\/musea-2\/#primaryimage"},"thumbnailUrl":"https:\/\/www.leboisducazier.be\/wp-content\/uploads\/2024\/05\/affiche-212x300.jpg","datePublished":"2015-07-20T10:34:48+00:00","dateModified":"2024-05-17T08:34:28+00:00","breadcrumb":{"@id":"https:\/\/www.leboisducazier.be\/nl\/musea-2\/#breadcrumb"},"inLanguage":"nl-NL","potentialAction":[{"@type":"ReadAction","target":["https:\/\/www.leboisducazier.be\/nl\/musea-2\/"]}]},{"@type":"ImageObject","inLanguage":"nl-NL","@id":"https:\/\/www.leboisducazier.be\/nl\/musea-2\/#primaryimage","url":"https:\/\/www.leboisducazier.be\/wp-content\/uploads\/2024\/05\/affiche-212x300.jpg","contentUrl":"https:\/\/www.leboisducazier.be\/wp-content\/uploads\/2024\/05\/affiche-212x300.jpg"},{"@type":"BreadcrumbList","@id":"https:\/\/www.leboisducazier.be\/nl\/musea-2\/#breadcrumb","itemListElement":[{"@type":"ListItem","position":1,"name":"Accueil","item":"https:\/\/www.leboisducazier.be\/nl\/"},{"@type":"ListItem","position":2,"name":"Musea"}]},{"@type":"WebSite","@id":"https:\/\/www.leboisducazier.be\/#website","url":"https:\/\/www.leboisducazier.be\/","name":"Le Bois du Cazier","description":"La conscience d&#039;une m\u00e9moire","publisher":{"@id":"https:\/\/www.leboisducazier.be\/#organization"},"potentialAction":[{"@type":"SearchAction","target":{"@type":"EntryPoint","urlTemplate":"https:\/\/www.leboisducazier.be\/?s={search_term_string}"},"query-input":{"@type":"PropertyValueSpecification","valueRequired":true,"valueName":"search_term_string"}}],"inLanguage":"nl-NL"},{"@type":"Organization","@id":"https:\/\/www.leboisducazier.be\/#organization","name":"Le Bois du Cazier","url":"https:\/\/www.leboisducazier.be\/","logo":{"@type":"ImageObject","inLanguage":"nl-NL","@id":"https:\/\/www.leboisducazier.be\/#\/schema\/logo\/image\/","url":"https:\/\/www.leboisducazier.be\/wp-content\/uploads\/2024\/04\/logo-2024-bdc-gris-orange-positif_page-0001.jpg","contentUrl":"https:\/\/www.leboisducazier.be\/wp-content\/uploads\/2024\/04\/logo-2024-bdc-gris-orange-positif_page-0001.jpg","width":508,"height":436,"caption":"Le Bois du Cazier"},"image":{"@id":"https:\/\/www.leboisducazier.be\/#\/schema\/logo\/image\/"}}]}},"amp_enabled":true,"_links":{"self":[{"href":"https:\/\/www.leboisducazier.be\/nl\/wp-json\/wp\/v2\/pages\/3923","targetHints":{"allow":["GET"]}}],"collection":[{"href":"https:\/\/www.leboisducazier.be\/nl\/wp-json\/wp\/v2\/pages"}],"about":[{"href":"https:\/\/www.leboisducazier.be\/nl\/wp-json\/wp\/v2\/types\/page"}],"author":[{"embeddable":true,"href":"https:\/\/www.leboisducazier.be\/nl\/wp-json\/wp\/v2\/users\/1"}],"replies":[{"embeddable":true,"href":"https:\/\/www.leboisducazier.be\/nl\/wp-json\/wp\/v2\/comments?post=3923"}],"version-history":[{"count":0,"href":"https:\/\/www.leboisducazier.be\/nl\/wp-json\/wp\/v2\/pages\/3923\/revisions"}],"wp:attachment":[{"href":"https:\/\/www.leboisducazier.be\/nl\/wp-json\/wp\/v2\/media?parent=3923"}],"curies":[{"name":"wp","href":"https:\/\/api.w.org\/{rel}","templated":true}]}}

<div id="pl-3923"  class="panel-layout" ><div id="pg-3923-0"  class="panel-grid panel-no-style" ><div id="pgc-3923-0-0"  class="panel-grid-cell" ><div id="panel-3923-0-0-0" class="so-panel widget widget_sow-editor panel-first-child" data-index="0" ><div
			
			class="so-widget-sow-editor so-widget-sow-editor-base"
			
		><h3 class="widget-title">ONZE MUSEA</h3>
<div class="siteorigin-widget-tinymce textwidget">
	<div id="lipsum" style="text-align: left;"></div>
</div>
</div></div><div id="panel-3923-0-0-2" class="so-panel widget widget_spacer-widget" data-index="2" ><div
			
			class="so-widget-spacer-widget so-widget-spacer-widget-base"
			
		>
<div class="clearfix" style="height:30px"></div></div></div><div id="panel-3923-0-0-3" class="so-panel widget widget_sow-editor" data-index="3" ><div
			
			class="so-widget-sow-editor so-widget-sow-editor-base"
			
		><h3 class="widget-title">TENTOONSTELLINGEN</h3>
<div class="siteorigin-widget-tinymce textwidget">
	<div id="lipsum"> </div>
</div>
</div></div><div id="panel-3923-0-0-4" class="so-panel widget widget_sow-editor panel-last-child" data-index="4" ><div
			
			class="so-widget-sow-editor so-widget-sow-editor-base"
			
		><h3 class="widget-title">Expo "La houille aciérisée"</h3>
<div class="siteorigin-widget-tinymce textwidget">
	<p>Van 4 juni tot 8 september</p>
<p><strong>"La Houille Aciérisée"</strong> is een artistieke verkenning van de onlosmakelijke relatie tussen kolen en staal, symbolen van de industriële revolutie, aan de hand van het werk van twee visuele dichters, Anne Courtoy en Jos Tontlinger. Hun samenwerking combineert hun vorige solotentoonstellingen: "Full Metal Gaillette" van Anne en "Heavy Metal" van Jos.</p>
<p><img decoding="async" class="alignnone size-medium wp-image-122681" src="https://www.leboisducazier.be/wp-content/uploads/2024/05/affiche-212x300.jpg" alt="" /></p>
</div>
</div></div></div></div></div>

<p>  Van 4 juni tot 8 september &#8220;La Houille Aciérisée&#8221; is een artistieke verkenning van de onlosmakelijke relatie tussen kolen en staal, symbolen van de industriële revolutie, aan de hand van het werk van twee visuele dichters, Anne Courtoy en Jos Tontlinger. Hun samenwerking combineert hun vorige solotentoonstellingen: &#8220;Full Metal Gaillette&#8221; van Anne en &#8220;Heavy Metal&#8221; van Jos.</p>

<!-- This site is optimized with the Yoast SEO plugin v27.4 - https://yoast.com/product/yoast-seo-wordpress/ -->
<title>Musea - Le Bois du Cazier</title>
<meta name="robots" content="index, follow, max-snippet:-1, max-image-preview:large, max-video-preview:-1" />
<link rel="canonical" href="https://www.leboisducazier.be/nl/musea-2/" />
<meta property="og:locale" content="nl_NL" />
<meta property="og:type" content="article" />
<meta property="og:title" content="Musea - Le Bois du Cazier" />
<meta property="og:description" content="  Van 4 juni tot 8 september &quot;La Houille Aciérisée&quot; is een artistieke verkenning van de onlosmakelijke relatie tussen kolen en staal, symbolen van de industriële revolutie, aan de hand van het werk van twee visuele dichters, Anne Courtoy en Jos Tontlinger. Hun samenwerking combineert hun vorige solotentoonstellingen: &quot;Full Metal Gaillette&quot; van Anne en &quot;Heavy Metal&quot; van Jos." />
<meta property="og:url" content="https://www.leboisducazier.be/nl/musea-2/" />
<meta property="og:site_name" content="Le Bois du Cazier" />
<meta property="article:modified_time" content="2024-05-17T08:34:28+00:00" />
<meta property="og:image" content="https://www.leboisducazier.be/wp-content/uploads/2024/05/affiche-212x300.jpg" />
<meta name="twitter:card" content="summary_large_image" />
<meta name="twitter:label1" content="Est. reading time" />
	<meta name="twitter:data1" content="4 minutes" />
<script type="application/ld+json" class="yoast-schema-graph">{"@context":"https:\/\/schema.org","@graph":[{"@type":"WebPage","@id":"https:\/\/www.leboisducazier.be\/nl\/musea-2\/","url":"https:\/\/www.leboisducazier.be\/nl\/musea-2\/","name":"Musea - Le Bois du Cazier","isPartOf":{"@id":"https:\/\/www.leboisducazier.be\/#website"},"primaryImageOfPage":{"@id":"https:\/\/www.leboisducazier.be\/nl\/musea-2\/#primaryimage"},"image":{"@id":"https:\/\/www.leboisducazier.be\/nl\/musea-2\/#primaryimage"},"thumbnailUrl":"https:\/\/www.leboisducazier.be\/wp-content\/uploads\/2024\/05\/affiche-212x300.jpg","datePublished":"2015-07-20T10:34:48+00:00","dateModified":"2024-05-17T08:34:28+00:00","breadcrumb":{"@id":"https:\/\/www.leboisducazier.be\/nl\/musea-2\/#breadcrumb"},"inLanguage":"nl-NL","potentialAction":[{"@type":"ReadAction","target":["https:\/\/www.leboisducazier.be\/nl\/musea-2\/"]}]},{"@type":"ImageObject","inLanguage":"nl-NL","@id":"https:\/\/www.leboisducazier.be\/nl\/musea-2\/#primaryimage","url":"https:\/\/www.leboisducazier.be\/wp-content\/uploads\/2024\/05\/affiche-212x300.jpg","contentUrl":"https:\/\/www.leboisducazier.be\/wp-content\/uploads\/2024\/05\/affiche-212x300.jpg"},{"@type":"BreadcrumbList","@id":"https:\/\/www.leboisducazier.be\/nl\/musea-2\/#breadcrumb","itemListElement":[{"@type":"ListItem","position":1,"name":"Accueil","item":"https:\/\/www.leboisducazier.be\/nl\/"},{"@type":"ListItem","position":2,"name":"Musea"}]},{"@type":"WebSite","@id":"https:\/\/www.leboisducazier.be\/#website","url":"https:\/\/www.leboisducazier.be\/","name":"Le Bois du Cazier","description":"La conscience d&#039;une mémoire","publisher":{"@id":"https:\/\/www.leboisducazier.be\/#organization"},"potentialAction":[{"@type":"SearchAction","target":{"@type":"EntryPoint","urlTemplate":"https:\/\/www.leboisducazier.be\/?s={search_term_string}"},"query-input":{"@type":"PropertyValueSpecification","valueRequired":true,"valueName":"search_term_string"}}],"inLanguage":"nl-NL"},{"@type":"Organization","@id":"https:\/\/www.leboisducazier.be\/#organization","name":"Le Bois du Cazier","url":"https:\/\/www.leboisducazier.be\/","logo":{"@type":"ImageObject","inLanguage":"nl-NL","@id":"https:\/\/www.leboisducazier.be\/#\/schema\/logo\/image\/","url":"https:\/\/www.leboisducazier.be\/wp-content\/uploads\/2024\/04\/logo-2024-bdc-gris-orange-positif_page-0001.jpg","contentUrl":"https:\/\/www.leboisducazier.be\/wp-content\/uploads\/2024\/04\/logo-2024-bdc-gris-orange-positif_page-0001.jpg","width":508,"height":436,"caption":"Le Bois du Cazier"},"image":{"@id":"https:\/\/www.leboisducazier.be\/#\/schema\/logo\/image\/"}}]}</script>
<!-- / Yoast SEO plugin. -->

Van 4 juni tot 8 september "La Houille Aciérisée" is een artistieke verkenning van de onlosmakelijke relatie tussen kolen en staal, symbolen van de industriële revolutie, aan de hand van het werk van twee visuele dichters, Anne Courtoy en Jos Tontlinger. Hun samenwerking combineert hun vorige solotentoonstellingen: "Full Metal Gaillette" van Anne en "Heavy Metal" van Jos.

La conscience d&#039;une mémoire
